se 13) in base 2?
-11111001110010011
-207bd (base 15) to base 10
-103003
What is -12020211210010 (base 3) in base 9?
-5224703
What is -7b4e2 (base 16) in base 7?
-4202321
Convert -2001111020212 (base 3) to base 16.
-10aa83
What is 12221211120 (base 3) in base 7?
665556
1014114331 (base 6) to base 4
220100233033
Convert -4016224 (base 8) to base 10.
-1055892
28208 (base 15) to base 4
133123010
Convert 3dc56 (base 15) to base 8.
603603
What is 81039 (base 14) in base 15?
61d4d
Convert 12305204 (base 6) to base 5.
100211412
-732346 (base 8) to base 4
-323103212
111333234 (base 5) to base 3
221012110221
What is -17444001 (base 8) in base 4?
-33210200001
-11000101010010010011100 (base 2) to base 7
-105643300
What is -51454 (base 6) in base 5?
-204444
Convert -60316 (base 7) to base 12.
-851a
Convert 7715 (base 9) to base 4.
1120310
Convert -10100110111101001000101 (base 2) to base 13.
-119716c
What is 1742a2 (base 15) in base 4?
10103112230
-124424 (base 5) to base 15
-1729
-6153347 (base 8) to base 12
-666087
102211111101 (base 3) to base 13
82024
What is 290888 (base 10) in base 8?
1070110
Convert 1145034 (base 6) to base 13.
21838
Convert 101330103 (base 5) to base 10.
417528
What is 1002212011210 (base 3) in base 16?
8f7b7
Convert -36633565 (base 8) to base 6.
-445024501
Convert -3eeb96 (base 15) to base 3.
-12201021121220
What is -310301013 (base 4) in base 8?
-646107
Convert 43438 (base 11) to base 10.
63082
Convert -110000100111010001 (base 2) to base 16.
-309d1
What is 134021055 (base 7) in base 14?
122a8d5
1317461 (base 10) to base 11
81a912
What is 294841 (base 10) in base 2?
1000111111110111001
Convert 4153055 (base 6) to base 15.
3eac8
Convert 1433243 (base 6) to base 8.
240733
What is 32613c (base 13) in base 6?
41215203
What is -221000101020 (base 3) in base 8?
-1701477
Convert -48260 (base 12) to base 11.
-66a79
Convert 20003132300 (base 4) to base 5.
1020031113
-2003311231 (base 4) to base 10
-540013
-2245250 (base 6) to base 14
-2ddca
Convert 292a47a (base 11) to base 6.
255533344
303032321 (base 4) to base 2
110011001110111001
1141063 (base 7) to base 14
3a8da
What is -116114 (base 8) in base 4?
-21301030
Convert -13330111 (base 6) to base 4.
-1231022323
Convert -2776 (base 16) to base 13.
-47a1
Convert 1e463c (base 15) to base 2.
101101010000100011000
261621 (base 8) to base 3
11121212022
-1001001001101010101101 (base 2) to base 4
-21021222231
What is -7bb3 (base 16) in base 11?
-21879
Convert -1011010001000001 (base 2) to base 7.
-251351
What is -e68e (base 15) in base 10?
-48734
Convert -3e0ab3 (base 15) to base 11.
-176199a
Convert 91075 (base 12) to base 13.
67a06
What is 2561398 (base 10) in base 9?
4733517
Convert 2248507 (base 12) to base 14.
c2d3a7
What is c0346 (base 15) in base 14?
11b93b
What is 381 (base 16) in base 6?
4053
What is -5030723 (base 9) in base 14?
-4d9a84
What is -4041b3 (base 12) in base 9?
-1787170
Convert -7538a5 (base 11) to base 8.
-4462606
Convert 1676567 (base 10) to base 2.
110011001010100010111
-460235 (base 10) to base 15
-91575
-1938 (base 13) to base 4
-322311
74473 (base 9) to base 16
c051
Convert -b2dad2 (base 15) to base 2.
-100000011011010111011001
What is 10445103 (base 6) in base 11?
1a7474
Convert -2734842 (base 9) to base 5.
-340441020
Convert -50783b (base 12) to base 7.
-13455023
What is -313a822 (base 13) in base 10?
-14960753
Convert 32696 (base 11) to base 8.
134470
1312d1 (base 15) to base 16
df747
What is -138223 (base 14) in base 9?
-1238476
Convert -113343232 (base 6) to base 15.
-2c0b32
Convert a7882 (base 12) to base 13.
795c5
Convert 67434 (base 15) to base 7.
2535133
What is -21475554 (base 8) in base 11?
-2675457
-21110120020 (base 3) to base 11
-a0442
What is 22404031 (base 5) in base 8?
607504
Convert -231441320 (base 5) to base 12.
-425710
Convert 31324014 (base 6) to base 16.
def6a
Convert 18675a (base 11) to base 10.
287077
-10111010001000110011 (base 2) to base 16
-ba233
What is -301334 (base 8) in base 9?
-160760
What is be5a (base 16) in base 8?
137132
Convert -1342012 (base 7) to base 8.
-534301
What is -25223 (base 16) in base 2?
-100101001000100011
100110111101101101111 (base 2) to base 15
1a348d
Convert -115473 (base 9) to base 3.
-10112112110
869145 (base 10) to base 16
d4319
Convert -666387 (base 13) to base 3.
-11112120220120
3511311 (base 6) to base 7
1351111
347470 (base 8) to base 2
11100111100111000
What is -405032 (base 7) in base 11?
-478a7
What is -31133213 (base 4) in base 8?
-153747
-230112011 (base 4) to base 5
-21303022
3312044211 (base 5) to base 14
d3d54d
22a910a (base 11) to base 8
17262700
-424201 (base 7) to base 11
-5024a
130430141 (base 5) to base 7
5302126
-b8a172 (base 12) to base 7
-33552503
Convert 320018 (base 11) to base 10.
512454
What is 89706 (base 10) in base 4?
111321222
61ba97 (base 12) to base 4
11312211103
What is -171730 (base 8) in base 7?
-346665
What is -101100102200 (base 3) in base 6?
-4211030
What is b17369 (base 13) in base 8?
17577765
What is -40551443 (base 6) in base 14?
-224a55
Convert 180bc8 (base 16) to base 13.
432397
2884396 (base 11) to base 12
17ab1aa
Convert -1205031 (base 7) to base 6.
-3140200
Convert 12000004041 (base 5) to base 8.
64117714
What is -1a9509 (base 11) in base 5?
-40220204
40716a (base 11) to base 7
5361612
Convert -4060615 (base 7) to base 2.
-1110110011110111100
Convert -24813437 (base 9) to base 10.
-12173200
-1000111010011110111000 (base 2) to base 5
-1044233241
What is 461ca (base 15) in base 5?
24120130
Convert -2132754 (base 9) to base 6.
-40302504
What is -1010011222021 (base 3) in base 4?
-2101003003
Convert -2234144 (base 7) to base 15.
-57398
What is -26371c (base 13) in base 6?
-31431211
-41330311 (base 5) to base 9
-566573
What is 22210404 (base 5) in base 4?
233132233
What is 132564 (base 14) in base 6?
22045500
Convert -344033 (base 6) to base 5.
-1420042
33788 (base 9) to base 14
82c5
-30103221 (base 5) to base 14
-629d6
What is ab22 (base 15) in base 13?
13670
What is -2356651 (base 7) in base 4?
-1021101100
Convert 48687 (base 11) to base 16.
11191
32432414 (base 6) to base 5
221444243
Convert 25519 (base 13) to base 16.
10d6e
315996 (base 13) to base 10
1155069
Convert ba1054 (base 13) to base 4.
100223122003
20000120 (base 4) to base 3
1122222112
Convert -22112212 (base 3) to base 9.
-8485
-1001101011101010110 (base 2) to base 15
-64015
5164445 (base 10) to base 6
302405245
212212312 (base 4) to base 14
418b4
Convert 1c39c (base 15) to base 4.
112130223
Convert -143d2 (base 15) to base 12.
-31745
What is -16a543 (base 14) in base 15?
-10b14e
-1221010222111 (base 3) to base 14
-1ca0b8
367d7a (base 15) to base 13
70441c
434210351 (base 6) to base 11
4421688
-1976b5 (base 15) to base 10
-1240145
What is 101a6a (base 11) in base 6?
3301420
Convert -3722916 (base 13) to base 8.
-101311406
Convert 27ab9 (base 12) to base 4.
31131231
-9b9b (base 16) to base 2
-1001101110011011
What is 3502437 (base 8) in base 2?
11101000010100011111
Convert -3631302 (base 9) to base 6.
-110113002
20011110022 (base 3) to base 12
5a282
-523169 (base 10) to base 14
-d8933
What is 3a172c (base 13) in base 5?
324343112
What is 11011212021001 (base 3) in base 8?
10362615
9444873 (base 10) to base 13
1c58ca9
Convert 320515 (base 7) to base 3.
2211002211
What is -14215b (base 12) in base 10?
-335447
-52a580 (base 14) to base 11
-16395a0
What is 1a6a0 (base 13) in base 12?
25aa3
Convert bc729 (base 14) to base 6.
13443201
-1001001002 (base 3) to base 11
-143a3
Convert 3421 (base 10) to base 11.
2630
What is 4002032 (base 6) in base 3?
100111121202
Convert 20201002220 (base 3) to base 4.
200032323
Convert 1634265 (base 10) to base 3.
10002000210100
What is 51548 (base 13) in base 14?
3b25d
Convert 61594 (base 12) to base 7.
1036123
-11010100100101010101 (base 2) to base 3
-1122020102200
What is -10011011110000101 (base 2) in base 15?
-18969
What is -141480 (base 12) in base 16?
-51960
Convert 10101100000111000100 (base 2) to base 4.
2230013010
Convert -84959 (base 11) to base 14.
-3308d
What is -372063 (base 8) in base 5?
-13044201
aa4b6 (base 12) to base 15
46b89
Convert -6a047 (base 16) to base 14.
-b4379
-33229ac (base 13) to base 12
-52b1065
Convert -3a30696 (base 12) to base 16.
-af9ed2
What i